**2. Suppose -14 = -4*f - 2*i, 4*f + 16 = -0*f + 4*i. Let j be 10/4*(f - 3). Calculate n(j).
9
Let u be ((-20)/30)/(4/6)*6. Let r(d) = d + 9. Determine r(u).
3
Let s(h) = 5*h - 43. Let v be s(10). Let k(i) = -2 - i**2 - 4 + v + 1. Give k(-2).
-2
Let b be (-8)/(-20) - (-69)/15. Suppose 6*p = b*p + 8. Let s(z) = 4 + z + 5 - p. Determine s(5).
6
Let j(a) = -a - a**2 - 1045 + 540 + 522. Calculate j(-5).
-3
Let p = -25 - -34. Let q(m) = 5 - 6*m - p + m. Let h be 21/(-14)*(-1 - -3). Give q(h).
11
Let v(h) = -h - 2. Suppose 4*r = 18*r - 1106. Suppose 74*i = r*i + 10. Determine v(i).
0
Let m(x) = -6 - x**2 + 7 - 12*x - 1. What is m(-10)?
20
Let n(b) = -10*b + 1. Let p = -310 - -309. Calculate n(p).
11
Let w(r) = -4 - 3 + 23*r**2 - 1 + 5 + 4. Calculate w(-1).
24
Let n be (3 + 2*-1)/(7/28). Suppose -n*c = 0, -2*s + 6*s + 3*c = 0. Let t(k) be the third derivative of k**4/24 + k**3/3 - k**2. What is t(s)?
2
Let u(a) = 4*a**2 - 5*a. Let o(i) be the second derivative of 5*i**4/12 - 5*i**3/6 + 3*i. Let x(c) = -3*o(c) + 4*u(c). Give x(4).
-4
Let h = -1 + 8. Let j(q) = h + q**2 - 12 + q**3 + 0*q**2. Let f(i) = -i - 6. Let z be f(-6). Determine j(z).
-5
Let s(z) = 4*z**2 + 6. Let g(d) = -5*d**2 - 7. Let n(i) = -5*g(i) - 6*s(i). Let p be (-2)/(-5) + ((-13)/(-5) - -1). What is n(p)?
15
Let b(w) = w**3 + w**2 + 3*w + 3. Let f be ((-6)/10)/(((-561)/(-110))/17). Determine b(f).
-7
Let d(w) = w**2 + 4*w + 4. Suppose 6*z + 62 - 32 = 0. Determine d(z).
9
Let f(x) = -12*x + 111. Let s be f(10). Let k(l) = -l - 14. What is k(s)?
-5
Let w(r) = r**2 - 7*r + 4. Let j(p) = -p + 2. Let v be j(0). Let o = -115 - -128. Suppose 1 + o = v*f. Give w(f).
4
Let h be (6 - 2)*(-1 + 2). Suppose 2 = 2*s - h. Let j(z) = z - 1. Let y be j(s). Let f(l) = -2*l**3 + l + 1. Give f(y).
-13
Let r(u) = 5*u**2 - 5*u - 9. Suppose 11*b - 24 = 3*b. Let t(k) = -4*k**2 + 5*k + 8. Let s(g) = b*r(g) + 4*t(g). Determine s(4).
9
Let l(u) = u - 13. Suppose 15 = 39*v - 34*v, f - 6 = v. Give l(f).
-4
Let u(p) = -p**2 + 2*p. Suppose -384*k = -388*k + 28. Give u(k).
-35
Suppose 12*y = 22*y - 360. Suppose 3*r = 7*r - y. Let t(u) = u**2 - 10*u + 8. What is t(r)?
-1
Suppose -8 = -3*p - 2*w, 0*w = p - 2*w. Suppose 0 = 6*n - 2*n + 5*o + 15, p*o + 6 = 0. Let s(m) = -m**3 + m**2 + m - 1. Determine s(n).
-1
Let g = -92 + 85. Let m(h) = h**3 + 8*h**2 + 5*h - 12. Determine m(g).
2
Let s = -115 - -109. Let r(a) be the first derivative of a**6/360 + a**5/24 + a**4/6 - 4*a**3/3 - 2. Let m(x) be the third derivative of r(x). Calculate m(s).
10
Let t(y) = -y**2 - 7*y - 3. Let v be t(-5). Let i(m) = 4*m - 10. What is i(v)?
18
Let m(q) = 2*q + 4. Let p(g) = 2*g**3 + g**2 - 7*g - 5. Let a be p(-2). Give m(a).
-2
Suppose 4*y - m - 13 = -3, 5*m + 10 = 0. Suppose y = 8*d - 10*d. Let l(o) be the second derivative of o**3/3 + 9*o. Calculate l(d).
-2
Suppose 4*f + 21 - 1 = 0. Let h(z) be the second derivative of 0 - 16*z + 3/2*z**2 + 5/6*z**3 + 1/12*z**4. Calculate h(f).
3
Let l(b) be the third derivative of -b**4/12 - b**3/2 + 12*b**2 - 2*b. Give l(-7).
11
Let n = -1468 - -1475. Let u(x) = x**2 - 4*x + 8. What is u(n)?
29
Let j(l) = l**3 - 7*l**2 + 11*l - 7. Let o = -753 - -758. Give j(o).
-2
Suppose -a + k = 21 + 15, 3*k + 84 = -3*a. Let r = -38 - a. Let q(l) = -2*l - 6. What is q(r)?
6
Let u(r) = -3*r - 2*r + r. Let f be (-346)/18 + (-34)/(-153). Let j be (-3)/((-18)/4) + f/(-57). Calculate u(j).
-4
Let n(i) = 5*i**3 + 2*i**2 - 4*i + 3. Suppose 31 = 3*a + 28. Calculate n(a).
6
Let l(b) be the third derivative of -b**6/120 + b**5/15 + b**4/4 - b**3 - 98*b**2. Determine l(5).
-1
Suppose -6*l + 12 + 0 = 0. Let p(n) = -6*n + 5. Give p(l).
-7
Let p be (2 - 0/(-1))/1. Let u(f) = -65*f**2 - 4*f + 131*f**p - 65*f**2. What is u(6)?
12
Suppose -3*a - 10 = 3*h - 16, -5*a = -3*h - 10. Let j(t) = -t + 6. Calculate j(h).
6
Let g(t) = t**2 + t. Let h(r) = r**2 + 3*r + 1. Let s be (5 - 6)*(-1 + 0). Let k(v) = s*h(v) - 5*g(v). Let p = 12 + -11. What is k(p)?
-5
Let z(m) be the first derivative of -m**4/4 - 4*m**3/3 + 7*m**2/2 + 6*m + 540. Determine z(-5).
-4
Let w(g) = 3*g - 16. Suppose x + 3*f = -f + 7, -21 = -3*x + 3*f. Let l(i) = i - 5. Let t(d) = x*l(d) - 2*w(d). Let v be (-1 + 1)/((-2 - -2) + -1). Give t(v).
-3
Let a be (-8 - -4) + 5 + 1. Let t(o) = 5 - 4*o**a + 3*o**2 - 2*o - 8 + 7. What is t(-3)?
1
Suppose g - 7 = 2*a - 4*a, 4*g + a = 42. Let k(m) = m**3 - 10*m**2 - 11*m - 5. What is k(g)?
-5
Let x be 3/(6/(-4)*3/12). Let u(o) = o**2 + 9*o. Calculate u(x).
-8
Let p(h) be the first derivative of 3*h**2/2 - 1. Let i be (-16)/28 + (-39)/(-7). Suppose 5*g = 5, 0 = 3*k + 2*g - g + i. Determine p(k).
-6
Let b(l) = -l**3 + 6*l**2 - 3*l + 5. Let q = 298 + -292. What is b(q)?
-13
Let h(q) = -q + 11*q - 4*q**3 - 6*q**2 + 5*q**3 - 7 - 11*q. Calculate h(6).
-13
Let s = -78 + 38. Let n = 41 + s. Let d(f) = -9*f**3 + f**2 - 2*f + 1. Determine d(n).
-9
Let j(q) = -3*q + 1. Suppose -4*u + 6*a + 50 = 0, 1 = u + 2*a + 6. Give j(u).
-14
Let x(q) = -5*q + 6*q - 6*q + 5*q**2 + 1. Let p(o) = -3*o**2 + 3*o - 1. Let j(s) = 7*p(s) + 4*x(s). What is j(4)?
-15
Let t(s) = s + 3. Let a(x) = x + 2. Suppose 3*l - 9 = 3. Suppose o - l*h + 4 = 12, 0 = 3*o + 5*h - 7. Let p(k) = o*a(k) - 3*t(k). Calculate p(-6).
-7
Let n(w) = -w**3 - w**2 + 10. Let j(i) = i**2 - 12*i + 8. Let g be j(9). Let h = g - -19. Calculate n(h).
10
Let x(o) be the second derivative of o**5/20 + o**4/3 - 2*o**3/3 + 2*o**2 - o. Suppose -l + 0*l + 252 = -5*z, z + 45 = 2*l. Let k = z - -46. What is x(k)?
-1
Let y(m) = m - 1. Let i(b) be the second derivative of -b**3/6 + b. Let u be (-9)/(-1) - 2 - 1. Let s(r) = u*i(r) + y(r). Calculate s(1).
-6
Let o(r) = 11*r**2 - 13*r + 7. Let j(v) = 4*v**2 - 4*v + 2. Let f(n) = -8*j(n) + 3*o(n). Let a(w) = -3*w + 96. Let k be a(30). What is f(k)?
-1
Let b(z) = 2*z**2 + z + 1 + 1 - z**2. Suppose 0 = -k + 7*k + 228. Let r = -38 - k. Determine b(r).
2
Let q be 15 + (-3)/(12/16). Let t(y) = 14 - 3*y - q + 0*y. Let g = 88 + -91. What is t(g)?
12
Suppose 7*g - 6 - 29 = 0. Let a(w) = w**2 + 2*w + 3. Let z be a(-2). Let j(b) = b**z + 4 - 8*b**2 + 4*b + 2 + 2*b**2. Give j(g).
1
Let y(j) = j**2 + 2. Let l be (-4)/30*3*(2 - -8). Give y(l).
18
Let m(j) = 9*j**3 - 20*j**2 - 7*j + 2. Let g(a) = 7*a**3 - 17*a**2 - 6*a + 1. Let s(z) = -5*g(z) + 4*m(z). Let l = 0 - 5. Determine s(l).
-7
Let p(z) = 3 + 0*z + z**2 - z - 11. Let t = 6 + -2. Suppose -12 = 2*m - 4*x - 4, -5*x + 10 = t*m. Calculate p(m).
-8
Let h(q) be the second derivative of -1/2*q**4 + 14*q - 1/20*q**5 - 7/2*q**2 + 0 - 1/2*q**3. Calculate h(-6).
11
Let a(w) = w**3 + 7*w**2 + 8*w - 6. Let p(h) = 17*h + 99. Let c be p(-6). Calculate a(c).
6
Let m(n) = 3*n**2 + 1 - 6*n - 6*n**2 + 2*n**2. Let f = -20 + 28. Suppose -f*x + 12*x = -20. Give m(x).
6
Let t(y) = y**3 - 6*y**2 - 7. Let a(m) = m**3 - 23*m**2 - 24*m + 6. Let s be a(24). Determine t(s).
-7
Let h(f) = -4*f. Suppose -3 = 2*d + 3, 0 = y + 2*d + 7. What is h(y)?
4
Let d(w) = -2*w**2 - 8*w + 5. Let h = 343 - 349. Calculate d(h).
-19
Let r(b) = -417 - 2*b**2 - 4*b + 212 + 209 + b**2. Let j(p) = -7*p**2 + p. Suppose 0 = 4*v - 5 + 1. Let u be j(v). Calculate r(u).
-8
Let s(h) = -14*h**2 + 17*h**2 + 0*h**2 + 9 + 3 - 2*h**2 - 6*h. Determine s(4).
4
Let c(a) = -a**3 + 5*a**2 - a + 6. Suppose 0 = -10*p + 7*p. Suppose 3*y - 36 = -p*y. Suppose 0 = 3*o - 3*w - 9, -5*o + y = -w - 11. Give c(o).
1
Let f(n) = -n**3 - 10*n**2 - 12*n - 5. Suppose 2*o + k + 22 = -o, 2*k - 10 = 0. What is f(o)?
22
Let u(q) = 2*q**2 + 8*q + 143 - q**2 - 3*q**2 - 148. Determine u(5).
-15
Let a(x) be the second derivative of -1/12*x**4 - 22*x - 2/3*x**3 + 4*x**2 + 0. Give a(-6).
-4
Let x(h) = -17097 + h + 17096 + h**3 + h + 3*h**2 - 3*h. Calculate x(-4).
-13
Let g(w) = w**3 - 2*w**2 - w + 1. Let u be 16*(-3)/(-2)*-2. Let z = u - -33. Let c be (-20)/(-25)*z/(-6). What is g(c)?
-1
Let f(i) = 16*i + 11. Let o(w) = -3*w - 2. Let x(l) = -4*f(l) - 22*o(l). Suppose -5*d + 20 = -9*d. Let r = d + 0. Give x(r).
-10
Let i(z) = z**3 + 8*z**2 + 8*z - 1. Let m(j) = -j**2 - 15*j - 21. Let a(k) = -k**3 + 2*k**2 - k - 2. Let r be a(3). Let c be m(r). Give i(c).
-8
Let m(p) = 2*p + 5. Let q = -204 - -197. Determine m(q).
-9
Suppose 5*w = 5*m - 80, -2*w + 3*m - 17 = 11. Let k be 30/(-20)*w/(-6). Let s(r) = -4*r - 7. Determ